s of x.
2, 37
Suppose -f - 53 = a, 0*a - 184 = 3*a - 2*f. Let d = -34 - a. List the prime factors of d.
2, 3
Suppose -4*r - 3*u + 12 = 2*u, 3*r = 3*u + 9. Let b = 1 + r. What are the prime factors of b?
2
Suppose -4*a + 148 = 40. What are the prime factors of a?
3
Let s(r) = -r**2 - 11*r - 4. Let z be s(-7). Suppose -4*m + 0*m + z = 0. List the prime factors of m.
2, 3
Let o(y) = y**3 - 12*y**2 + y + 3. Let k be o(12). What are the prime factors of (-26)/(-5)*k/6?
13
Let p = -46 - -86. Suppose 0 = -5*u - 4*n + p, u - 16 = n + 1. List the prime factors of u.
2, 3
Let y be (-9 - -2)*(0 - 3). Let n = y + -15. List the prime factors of n.
2, 3
Suppose 0 = j - 3*m - 13, 0*j + 4*m + 68 = 4*j. What are the prime factors of j?
19
Suppose 2*g = 4, 0*v - v - 4*g = -24. List the prime factors of (12/(-2))/((-8)/v).
2, 3
What are the prime factors of (1*(-2)/4)/(7/(-1246))?
89
Suppose -4*r + 3*f = -0*r - 17, 2 = -2*r - 2*f. Suppose n + 2 - 6 = 0. Suppose r = -n*q + 34. List the prime factors of q.
2
Let o(u) = u**2 + 9*u - 13. List the prime factors of o(9).
149
Suppose -4*t = -9*t + 95. List the prime factors of t.
19
Suppose 304 = -2*a + 6*a. Let f = a - 42. What are the prime factors of f?
2, 17
Suppose -q = -5*i - 5, i + 5*q = -i - 2. Let k(u) = -13*u + 1. What are the prime factors of k(i)?
2, 7
Suppose 4 + 6 = 2*o. Suppose -v = -5*p + 96 - o, -4*v + 92 = 4*p. Suppose 5*h - 3*h - p = d, h - 2*d - 2 = 0. List the prime factors of h.
2, 3
Suppose o = 5*w - 0*o - 15, w - 17 = 3*o. List the prime factors of w.
2
Suppose 0 = -6*v + 80 - 2. List the prime factors of v.
13
Suppose 4*p + 32 = 4*v, -4*p = -9*p - 10. List the prime factors of v.
2, 3
Let r be (-2)/2*(-1 + -3). Suppose -5*m + 42 = r*b - 4*m, -5*m - 10 = 0. List the prime factors of b.
11
Suppose 0 = -2*m - 223 + 833. What are the prime factors of m?
5, 61
Suppose 5*g - 800 = 7*m - 2*m, -5*m = g - 160. What are the prime factors of g?
2, 5
Suppose 4*p = 2*h - 28, -3*p - 4 = 2*h - 18. Let q(a) = -a + 11. Let m be q(-6). Let x = m - h. List the prime factors of x.
7
Let k(d) = 2*d - 7. Suppose -6*i + i + 13 = l, -5*l = 10. Suppose 4*j = i*j + 6. List the prime factors of k(j).
5
Let t(o) = 5*o + 24. What are the prime factors of t(10)?
2, 37
Let c(x) = x**2 - 4*x - 3. Let d be c(9). Suppose -b = b - d. List the prime factors of b.
3, 7
Suppose -r + 2 = -1. Suppose u + 14 = r*u. What are the prime factors of u?
7
Suppose 274 - 37 = 3*o. Let j = o + -52. What are the prime factors of j?
3
Let o be 1 - (2 + (6 - -1)). Let r = o + 12. What are the prime factors of r?
2
Let w be (-4)/14 + 33/(-7). Suppose -l + 6*l - 5*b = 0, 0 = -5*l - 3*b - 32. What are the prime factors of l*(-4)/((-4)/w)?
2, 5
Let g(f) be the first derivative of -f**3/3 + 11*f**2/2 - 8*f - 1. Suppose 4*j - 50 = -14. What are the prime factors of g(j)?
2, 5
Suppose 5*o = -3*r + 35, 0*r - 18 = -2*r - 2*o. List the prime factors of r.
5
Let q(p) = 7*p - 5. List the prime factors of q(5).
2, 3, 5
Let s(q) = 3*q**3 - 8*q**3 + 3*q + 1 - q + q**2. Let k be s(-1). Suppose 5*o = 4*o + 4*g, 3*g = k*o - 34. List the prime factors of o.
2
Suppose -5*l + 0 - 16 = -2*b, 5*l = b - 8. Suppose 0*d + 2*d + b = 0. Let o(r) = -r**3 - 3*r**2 + 2*r + 3. List the prime factors of o(d).
11
Suppose 5*p + 0*p - 795 = 0. Suppose 0 = 4*c - p - 49. Suppose -2*w + c = 4*b, -1 = 2*b + 2*w - 31. What are the prime factors of b?
11
Let k(b) = b**3 - 3. Let i be k(2). What are the prime factors of (3 + -15)*i/(-15)?
2
Let m(h) = 10*h + 3. Let a(p) = 5*p + 2. Let c(w) = -9*a(w) + 4*m(w). Let k(b) = -4*b - 7. Let x(q) = 3*c(q) - 4*k(q). What are the prime factors of x(-8)?
2
Let g = 3 - 3. Let f = 1 - g. What are the prime factors of (10 - (0 - -2)) + f?
3
Let g(n) = -2 + 17*n**3 + 2*n - 5*n + 5*n - 3*n. Let r be g(2). What are the prime factors of r/(-30)*5/(-2)?
11
Let k = 37 + 55. List the prime factors of k.
2, 23
Let s be 2/(-6) + (-32)/(-24). Let v(y) = 43*y**3 + 2*y - 1. List the prime factors of v(s).
2, 11
Let z be (-1)/1*1 + 3. Suppose w + 26 = z*w. List the prime factors of w.
2, 13
Let k(g) be the first derivative of -g**2/2 + 12*g + 11. What are the prime factors of k(4)?
2
Let z(d) = 3*d**2 - 3*d - 3. Let b be z(-2). Let n = -11 + 39. Let f = n - b. List the prime factors of f.
13
Suppose 3*q - j = -5 + 135, -4*j = -8. Suppose -a = -5*a + q. Suppose 0 = -3*u + 2*u + a. What are the prime factors of u?
11
Let n be 18/((-2)/(84/9)). Let z = -43 - n. List the prime factors of z.
41
Let y(j) = -j**3 - 10*j**2 - j - 4. List the prime factors of y(-10).
2, 3
Suppose 3*w - 2*w + 16 = 2*b, -w - 4 = 0. Suppose b*z = 2*z - 2*x + 16, 4*z + 3*x - 18 = 0. List the prime factors of z.
3
Suppose 3*j + 12 = c, 5*c - 3 = 5*j + 7. What are the prime factors of c*26/(-6)*1?
13
Let m = 47 - 32. Suppose -3*g + m = 3*p, 0*g = 2*p + g - 10. List the prime factors of p.
5
Let p = 17 + -12. Let x = p - 3. Suppose 5*j = -2*u + 24, 4*j - x = j + 5*u. List the prime factors of j.
2
Let b be 6/4 - (-18)/12. Let g(q) be the first derivative of -q**4/4 + 2*q**3/3 + 5*q**2/2 - 4*q + 1. List the prime factors of g(b).
2
Suppose -5*f + 6*k = k - 10, -3*f - k = -22. List the prime factors of f.
2, 3
List the prime factors of (28 + 2)*(0 - -1) + -2.
2, 7
Let q be (-2)/(-3) - 60/9. List the prime factors of -15*q/(-20)*-6.
3
Suppose -4*a + 4 = -i, -4*i + 2*a - 2 = -i. Suppose 3*o + i*s + 2*s = 45, -2*o - 3*s + 35 = 0. What are the prime factors of o?
13
Let m = -77 + 142. What are the prime factors of m?
5, 13
What are the prime factors of -222*1*(-4)/6?
2, 37
Let z(x) = -x + 8. Let m be z(0). Suppose 0 = 5*f + 12 + 3. Let i = f + m. List the prime factors of i.
5
Suppose 0 = u + 3*n + 12, u = -4*n - 10 - 7. Suppose k - 8 = -u*k. List the prime factors of k - (-1)/((-3)/(-3)).
3
Suppose -q - 5 = 4*q. Let k = -2 - q. List the prime factors of (-2)/(k - 3/(-5)).
5
Let d(g) = g - 3. Let j be d(5). Let z be 14 + -2*j/(-4). Suppose 4*h - z = 13. List the prime factors of h.
7
Let p(y) = 2*y**2 + y - 20. What are the prime factors of p(5)?
5, 7
Suppose 5*u + 246 = 1006. What are the prime factors of u?
2, 19
Suppose -7*f = -773 - 1579. What are the prime factors of f?
2, 3, 7
Suppose 3*q + 6 = a - 2*q, 5*a - 9 = 4*q. What are the prime factors of (1 - 0)*24/a?
2, 3
Suppose 4*g + 4655 = -g - 5*c, -2798 = 3*g + 2*c. Let d be 1/((-3)/(g/1)). What are the prime factors of d/14 + (-4)/14?
2, 11
Let w = -3 - -3. Suppose w = -2*h + 3 + 3. Suppose -h*s + 0*s = -30. What are the prime factors of s?
2, 5
List the prime factors of (15/(-6))/(1/(-4)).
2, 5
Let h = -1 - -5. Suppose h*u - 26 + 6 = 0. Let f = u - -2. List the prime factors of f.
7
Suppose 130 = 6*s - 5*s. What are the prime factors of s?
2, 5, 13
Let k be (3/3 + -3)*-2. Suppose 2*l = v + 39, 71 = k*l + 4*v + 11. What are the prime factors of l?
2, 3
Let t = -69 - -29. What are the prime factors of (-2)/(-6)*(-1 - t)?
13
Suppose 87 = 2*z + 1. List the prime factors of z.
43
Let g = 418 - 85. What are the prime factors of g?
3, 37
Suppose 2*w + 5*c + 48 = 174, -4*w - 4*c = -252. List the prime factors of w.
3, 7
Let t(q) = 4*q. Let g be (-1)/4 - 21/12. Let y = g - -3. List the prime factors of t(y).
2
Suppose 2*c = 2*j + 238, 7*c - 333 = 4*c - 5*j. Suppose -l = 5*m + l - c, -5*l + 81 = 3*m. What are the prime factors of m?
2, 11
What are the prime factors of (-210)/(-5)*(-8)/(-6)?
2, 7
Suppose -2*f - 2*f - 12 = 0. Let q be (-98)/8 - f/12. Let g = q - -20. What are the prime factors of g?
2
Suppose -n + 6*n = v + 71, 2*v + 44 = 3*n. Suppose -i + n = i. List the prime factors of i.
7
Suppose -9 = 7*y - 2. Let s(j) = 15*j**2 + 1. What are the prime factors of s(y)?
2
Let x be ((-22)/1)/(11 - 13). Let v = x - -23. What are the prime factors of v?
2, 17
Suppose 11 = 2*z + 3. Suppose 5*o + 4*k = -0*o + 182, 3*k = z*o - 127. Let f = o - 23. What are the prime factors of f?
11
Suppose 0 = 5*l, -2*y = -4*y - 3*l + 84. List the prime factors of y.
2, 3, 7
Let q(y) = y + 1. Suppose -4*l - 5*s = -18, -3*l + s - 4 = -4*s. Let r be q(l). Suppose -2*g = r*g - 45. List the prime factors of g.
3
Suppose 0 = i - 0*i - 13. Let u = 19 - i. What are the prime factors of u?
2, 3
Suppose -4 - 1 = -h. Let a = -3 + h. Suppose -4*n + 5*t = -34, -5*n + 5*t - a*t = -49